{"id":987,"date":"2021-06-10T16:32:42","date_gmt":"2021-06-10T19:32:42","guid":{"rendered":"http:\/\/www.mdp.edu.ar\/derecho\/derecho2019\/?page_id=987"},"modified":"2021-06-23T06:46:12","modified_gmt":"2021-06-23T09:46:12","slug":"observatorio-juridico-area-federal","status":"publish","type":"page","link":"https:\/\/derecho.mdp.edu.ar\/index.php\/observatorio-juridico-area-federal\/","title":{"rendered":"Observatorio Jur\u00eddico &#8211; \u00c1rea Federal"},"content":{"rendered":"<h1><strong>\u00c1REA FEDERAL<\/strong><\/h1>\n<p>Somos un pa\u00eds federal y debemos asumir esa dimensi\u00f3n. Los diagn\u00f3sticos y las propuestas tienen que tener en cuenta la diversidad de realidades, tambi\u00e9n en materia jur\u00eddica.<\/p>\n<p>Suele hablarse de los problemas de la Justicia como si fuese una sola. Existen 25 poderes judiciales, el federal y el de cada Estado provincial, cada uno con sus peculiaridades.<\/p>\n<p>Nuestro desaf\u00edo es abordar la comprensi\u00f3n de esos espacios dis\u00edmiles sumando el an\u00e1lisis de sus protagonistas y formular propuestas en materia institucional, de acceso a la justicia, de procedimientos, gesti\u00f3n, integridad, transparencia y publicidad, sumando la opini\u00f3n de los protagonistas de cada lugar.<\/p>\n<p><strong>INTEGRANTES<\/strong><\/p>\n<p><strong>Coordinador: <\/strong>GUSTAVO MENNA<\/p>\n<p><strong>Integrantes:<\/strong><\/p>\n<p>ADELINA LOIANNO<\/p>\n<p>EDUARDO REGUERA<\/p>\n<p>VICTOR IBA\u00d1EZ ROSAS<\/p>\n<p>SANDRA PARIS<\/p>\n<p>GABRIELA BURGOS<\/p>\n<p>CRISTIAN SALZWEDEL<\/p>\n<p>MARTIN HERNANDEZ<\/p>\n<p>JAVIER leal de Ibarra<\/p>\n","protected":false},"excerpt":{"rendered":"<p>\u00c1REA FEDERAL Somos un pa\u00eds federal y debemos asumir esa dimensi\u00f3n. Los diagn\u00f3sticos y las propuestas tienen que tener en cuenta la diversidad de realidades, tambi\u00e9n en materia jur\u00eddica. Suele hablarse de los problemas de la Justicia como si fuese una sola. Existen 25 poderes judiciales, el federal y el de cada Estado provincial, cada &hellip; <\/p>\n<p class=\"link-more\"><a href=\"https:\/\/derecho.mdp.edu.ar\/index.php\/observatorio-juridico-area-federal\/\" class=\"more-link\">Segu\u00ed leyendo<span class=\"screen-reader-text\"> &#8220;Observatorio Jur\u00eddico &#8211; \u00c1rea Federal&#8221;<\/span><\/a><\/p>\n","protected":false},"author":1,"featured_media":0,"parent":0,"menu_order":0,"comment_status":"closed","ping_status":"closed","template":"","meta":[],"_links":{"self":[{"href":"https:\/\/derecho.mdp.edu.ar\/index.php\/wp-json\/wp\/v2\/pages\/987"}],"collection":[{"href":"https:\/\/derecho.mdp.edu.ar\/index.php\/wp-json\/wp\/v2\/pages"}],"about":[{"href":"https:\/\/derecho.mdp.edu.ar\/index.php\/wp-json\/wp\/v2\/types\/page"}],"author":[{"embeddable":true,"href":"https:\/\/derecho.mdp.edu.ar\/index.php\/wp-json\/wp\/v2\/users\/1"}],"replies":[{"embeddable":true,"href":"https:\/\/derecho.mdp.edu.ar\/index.php\/wp-json\/wp\/v2\/comments?post=987"}],"version-history":[{"count":1,"href":"https:\/\/derecho.mdp.edu.ar\/index.php\/wp-json\/wp\/v2\/pages\/987\/revisions"}],"predecessor-version":[{"id":988,"href":"https:\/\/derecho.mdp.edu.ar\/index.php\/wp-json\/wp\/v2\/pages\/987\/revisions\/988"}],"wp:attachment":[{"href":"https:\/\/derecho.mdp.edu.ar\/index.php\/wp-json\/wp\/v2\/media?parent=987"}],"curies":[{"name":"wp","href":"https:\/\/api.w.org\/{rel}","templated":true}]}}