{"id":81,"date":"2019-06-12T18:37:20","date_gmt":"2019-06-12T21:37:20","guid":{"rendered":"http:\/\/www.mdp.edu.ar\/derecho\/derecho2019\/?page_id=81"},"modified":"2026-03-14T08:57:37","modified_gmt":"2026-03-14T11:57:37","slug":"martillero-corredor-publico-y-tasador-plan-de-estudios","status":"publish","type":"page","link":"https:\/\/derecho.mdp.edu.ar\/index.php\/martillero-corredor-publico-y-tasador-plan-de-estudios\/","title":{"rendered":"Martillero, Corredor P\u00fablico y Tasador &#8220;Plan de Estudios&#8221;"},"content":{"rendered":"<h1 style=\"text-align: center;\"><strong>CARRERA : <\/strong><\/h1>\n<h1 style=\"text-align: center;\"><strong>MARTILLERO, CORREDOR P\u00daBLICO Y TASADOR<\/strong><\/h1>\n<p style=\"text-align: center;\"><img loading=\"lazy\" class=\"size-full wp-image-302 alignright\" src=\"https:\/\/derecho.mdp.edu.ar\/wp-content\/uploads\/martilleros.jpg\" width=\"560\" height=\"606\" \/><\/p>\n<p style=\"text-align: center;\"><strong>ANEXO DE ORDENANZA DE CONSEJO ACAD\u00c9MICO N\u00ba 652<\/strong><br \/>\nArticulo 4\u00ba.- \u2026\u201cSon requisitos para inscribirse al examen final de una asignatura, haber aprobado la cursada de la misma y el examen final de las correlativas inmediatas anteriores\u201d\u2026<br \/>\nArticulo 8\u00ba.- Al ingresar a la carrera, el alumno, solo podr\u00e1 inscribirse a materias correspondientes al primer cuatrimestre. Para el resto de los cuatrimestres, se deber\u00e1 tener como m\u00ednimo:<br \/>\n1. Aprobada la cursada de la materia correlativa inmediata anterior \u2013 en caso de tenerla \u2013 y<br \/>\n2. Tener aprobado los finales de las asignaturas que correspondan seg\u00fan se detalla a continuaci\u00f3n: para asignaturas del tercer cuatrimestre deber\u00e1 tener aprobadas las asignaturas del primer cuatrimestre, para las asignaturas del cuarto cuatrimestre, deber\u00e1 tener aprobadas las asignaturas del segundo cuatrimestre y para las asignaturas del quinto cuatrimestre, deber\u00e1 tener aprobadas las asignaturas del tercer cuatrimestre.<\/p>\n<p style=\"text-align: center;\"><a href=\"https:\/\/derecho.mdp.edu.ar\/wp-content\/uploads\/Plan-de-Estudios-Martillero-y-Corredor-Publico-2025-2-1.pdf\">Plan de Estudios Martillero y Corredor P\u00fablico 2025<\/a><\/p>\n<h1><\/h1>\n<h1 style=\"text-align: center;\"><strong>CARRERA(2023) :<\/strong><\/h1>\n<h1 style=\"text-align: center;\"><strong>MARTILLERO, CORREDOR P\u00daBLICO<\/strong><\/h1>\n<p style=\"text-align: center;\"><strong>ANEXO DE ORDENANZA DE CONSEJO ACAD\u00c9MICO N\u00ba 652<\/strong><br \/>\nArticulo 4\u00ba.- \u2026\u201cSon requisitos para inscribirse al examen final de una asignatura, haber aprobado la cursada de la misma y el examen final de las correlativas inmediatas anteriores\u201d\u2026<br \/>\nArticulo 8\u00ba.- Al ingresar a la carrera, el alumno, solo podr\u00e1 inscribirse a materias correspondientes al primer cuatrimestre. Para el resto de los cuatrimestres, se deber\u00e1 tener como m\u00ednimo:<br \/>\n1. Aprobada la cursada de la materia correlativa inmediata anterior \u2013 en caso de tenerla \u2013 y<br \/>\n2. Tener aprobado los finales de las asignaturas que correspondan seg\u00fan se detalla a continuaci\u00f3n: para asignaturas del tercer cuatrimestre deber\u00e1 tener aprobadas las asignaturas del primer cuatrimestre, para las asignaturas del cuarto cuatrimestre, deber\u00e1 tener aprobadas las asignaturas del segundo cuatrimestre y para las asignaturas del quinto cuatrimestre, deber\u00e1 tener aprobadas las asignaturas del tercer cuatrimestre.<\/p>\n<p style=\"text-align: center;\"><a href=\"https:\/\/derecho.mdp.edu.ar\/wp-content\/uploads\/Plan-de-Estudios-Martillero-y-Corredor-Publico-2023.pdf\">Plan de Estudios Martillero y Corredor P\u00fablico 2023<\/a><\/p>\n","protected":false},"excerpt":{"rendered":"<p>CARRERA : MARTILLERO, CORREDOR P\u00daBLICO Y TASADOR ANEXO DE ORDENANZA DE CONSEJO ACAD\u00c9MICO N\u00ba 652 Articulo 4\u00ba.- \u2026\u201cSon requisitos para inscribirse al examen final de una asignatura, haber aprobado la cursada de la misma y el examen final de las correlativas inmediatas anteriores\u201d\u2026 Articulo 8\u00ba.- Al ingresar a la carrera, el alumno, solo podr\u00e1 inscribirse &hellip; <\/p>\n<p class=\"link-more\"><a href=\"https:\/\/derecho.mdp.edu.ar\/index.php\/martillero-corredor-publico-y-tasador-plan-de-estudios\/\" class=\"more-link\">Segu\u00ed leyendo<span class=\"screen-reader-text\"> &#8220;Martillero, Corredor P\u00fablico y Tasador &#8220;Plan de Estudios&#8221;&#8221;<\/span><\/a><\/p>\n","protected":false},"author":1,"featured_media":0,"parent":0,"menu_order":0,"comment_status":"closed","ping_status":"closed","template":"","meta":[],"_links":{"self":[{"href":"https:\/\/derecho.mdp.edu.ar\/index.php\/wp-json\/wp\/v2\/pages\/81"}],"collection":[{"href":"https:\/\/derecho.mdp.edu.ar\/index.php\/wp-json\/wp\/v2\/pages"}],"about":[{"href":"https:\/\/derecho.mdp.edu.ar\/index.php\/wp-json\/wp\/v2\/types\/page"}],"author":[{"embeddable":true,"href":"https:\/\/derecho.mdp.edu.ar\/index.php\/wp-json\/wp\/v2\/users\/1"}],"replies":[{"embeddable":true,"href":"https:\/\/derecho.mdp.edu.ar\/index.php\/wp-json\/wp\/v2\/comments?post=81"}],"version-history":[{"count":20,"href":"https:\/\/derecho.mdp.edu.ar\/index.php\/wp-json\/wp\/v2\/pages\/81\/revisions"}],"predecessor-version":[{"id":1886,"href":"https:\/\/derecho.mdp.edu.ar\/index.php\/wp-json\/wp\/v2\/pages\/81\/revisions\/1886"}],"wp:attachment":[{"href":"https:\/\/derecho.mdp.edu.ar\/index.php\/wp-json\/wp\/v2\/media?parent=81"}],"curies":[{"name":"wp","href":"https:\/\/api.w.org\/{rel}","templated":true}]}}