{"id":66,"date":"2019-06-12T18:37:28","date_gmt":"2019-06-12T21:37:28","guid":{"rendered":"http:\/\/www.mdp.edu.ar\/derecho\/derecho2019\/?page_id=66"},"modified":"2025-06-13T10:24:30","modified_gmt":"2025-06-13T13:24:30","slug":"martillero-corredor-publico-y-tasador-inicio","status":"publish","type":"page","link":"https:\/\/derecho.mdp.edu.ar\/index.php\/martillero-corredor-publico-y-tasador-inicio\/","title":{"rendered":"Martillero, Corredor P\u00fablico y Tasador &#8220;Inicio&#8221;"},"content":{"rendered":"<p>La carrera de Martillero es la primera carrera completa que la Facultad de Derecho ofrece desde 2008 con modalidad a distancia. Se trata de una carrera de tres a\u00f1os, que ofrece una formaci\u00f3n actualizada y de calidad, con un perfil orientado a las m\u00faltiples injerencias e inserciones que van abri\u00e9ndose para los\/las profesionales del campo.<\/p>\n<p><strong>Coordinaci\u00f3n Acad\u00e9mica<\/strong><br \/>\nAbogada Adriana Anal\u00eda Arias<\/p>\n<p><strong>Tutora\u00a0Pedag\u00f3gica<\/strong><br \/>\nAbogada Mar\u00eda Paula Caparros<\/p>\n<p><strong>Coordinaci\u00f3n Administrativa<\/strong><br \/>\nAbogada Natali Yanzon<\/p>\n<p><strong>Horario de atenci\u00f3n:<\/strong><br \/>\nDirecci\u00f3n de Estudiantes, Cintia Go\u00f1i: Lunes a Viernes de 10:30 a 12 y de 13:30 a 15 horas, primer piso \u2013 Facultad de Derecho UNMdP.<br \/>\nEmail: alumdere@mdp.edu.ar<\/p>\n<p><strong>Atenci\u00f3n acad\u00e9mica: <\/strong><\/p>\n<p>Lunes y Mi\u00e9rcoles de 15 a 17 hs. Primer piso &#8211; Facultad de Derecho<br \/>\ninfomartillero@mdp.edu.ar<\/p>\n<p><strong>Cobertura:<\/strong>\u00a0Todo el pa\u00eds.<br \/>\n<strong>Modalidad:<\/strong>\u00a0A distancia.<\/p>\n<p>&nbsp;<\/p>\n<p><a href=\"https:\/\/derecho.campus.mdp.edu.ar\/\">Campus Virtual<\/a><\/p>\n","protected":false},"excerpt":{"rendered":"<p>La carrera de Martillero es la primera carrera completa que la Facultad de Derecho ofrece desde 2008 con modalidad a distancia. Se trata de una carrera de tres a\u00f1os, que ofrece una formaci\u00f3n actualizada y de calidad, con un perfil orientado a las m\u00faltiples injerencias e inserciones que van abri\u00e9ndose para los\/las profesionales del campo. &hellip; <\/p>\n<p class=\"link-more\"><a href=\"https:\/\/derecho.mdp.edu.ar\/index.php\/martillero-corredor-publico-y-tasador-inicio\/\" class=\"more-link\">Segu\u00ed leyendo<span class=\"screen-reader-text\"> &#8220;Martillero, Corredor P\u00fablico y Tasador &#8220;Inicio&#8221;&#8221;<\/span><\/a><\/p>\n","protected":false},"author":1,"featured_media":0,"parent":0,"menu_order":0,"comment_status":"closed","ping_status":"closed","template":"","meta":[],"_links":{"self":[{"href":"https:\/\/derecho.mdp.edu.ar\/index.php\/wp-json\/wp\/v2\/pages\/66"}],"collection":[{"href":"https:\/\/derecho.mdp.edu.ar\/index.php\/wp-json\/wp\/v2\/pages"}],"about":[{"href":"https:\/\/derecho.mdp.edu.ar\/index.php\/wp-json\/wp\/v2\/types\/page"}],"author":[{"embeddable":true,"href":"https:\/\/derecho.mdp.edu.ar\/index.php\/wp-json\/wp\/v2\/users\/1"}],"replies":[{"embeddable":true,"href":"https:\/\/derecho.mdp.edu.ar\/index.php\/wp-json\/wp\/v2\/comments?post=66"}],"version-history":[{"count":12,"href":"https:\/\/derecho.mdp.edu.ar\/index.php\/wp-json\/wp\/v2\/pages\/66\/revisions"}],"predecessor-version":[{"id":1836,"href":"https:\/\/derecho.mdp.edu.ar\/index.php\/wp-json\/wp\/v2\/pages\/66\/revisions\/1836"}],"wp:attachment":[{"href":"https:\/\/derecho.mdp.edu.ar\/index.php\/wp-json\/wp\/v2\/media?parent=66"}],"curies":[{"name":"wp","href":"https:\/\/api.w.org\/{rel}","templated":true}]}}

Martillero, Corredor Público y Tasador &#8220;Inicio&#8221;

<p>La carrera de Martillero es la primera carrera completa que la Facultad de Derecho ofrece desde 2008 con modalidad a distancia. Se trata de una carrera de tres años, que ofrece una formación actualizada y de calidad, con un perfil orientado a las múltiples injerencias e inserciones que van abriéndose para los/las profesionales del campo.</p>
<p><strong>Coordinación Académica</strong><br />
Abogada Adriana Analía Arias</p>
<p><strong>Tutora Pedagógica</strong><br />
Abogada María Paula Caparros</p>
<p><strong>Coordinación Administrativa</strong><br />
Abogada Natali Yanzon</p>
<p><strong>Horario de atención:</strong><br />
Dirección de Estudiantes, Cintia Goñi: Lunes a Viernes de 10:30 a 12 y de 13:30 a 15 horas, primer piso – Facultad de Derecho UNMdP.<br />
Email: alumdere@mdp.edu.ar</p>
<p><strong>Atención académica: </strong></p>
<p>Lunes y Miércoles de 15 a 17 hs. Primer piso &#8211; Facultad de Derecho<br />
infomartillero@mdp.edu.ar</p>
<p><strong>Cobertura:</strong> Todo el país.<br />
<strong>Modalidad:</strong> A distancia.</p>
<p>&nbsp;</p>
<p><a href="https://derecho.campus.mdp.edu.ar/">Campus Virtual</a></p>

<p>La carrera de Martillero es la primera carrera completa que la Facultad de Derecho ofrece desde 2008 con modalidad a distancia. Se trata de una carrera de tres años, que ofrece una formación actualizada y de calidad, con un perfil orientado a las múltiples injerencias e inserciones que van abriéndose para los/las profesionales del campo. &hellip; </p>
<p class="link-more"><a href="https://derecho.mdp.edu.ar/index.php/martillero-corredor-publico-y-tasador-inicio/" class="more-link">Seguí leyendo<span class="screen-reader-text"> &#8220;Martillero, Corredor Público y Tasador &#8220;Inicio&#8221;&#8221;</span></a></p>
