{"id":33,"date":"2019-06-10T19:11:41","date_gmt":"2019-06-10T22:11:41","guid":{"rendered":"http:\/\/www.mdp.edu.ar\/derecho\/derecho2019\/?page_id=33"},"modified":"2023-06-26T10:37:01","modified_gmt":"2023-06-26T13:37:01","slug":"abogacia-inicio","status":"publish","type":"page","link":"https:\/\/derecho.mdp.edu.ar\/index.php\/abogacia-inicio\/","title":{"rendered":"Abogac\u00eda Inicio"},"content":{"rendered":"<h1>ABOGAC\u00cdA<\/h1>\n<p><em>Carrera de Abogac\u00eda acreditada por la Comisi\u00f3n Nacional de Evaluaci\u00f3n y Acreditaci\u00f3n Universitaria (CONEAU) mediante Resoluci\u00f3n\u00a0<\/em><em>Ex-2018-33706438-APN-DAC#CONEAU R<\/em><\/p>\n<h1><strong>Perfil<\/strong><\/h1>\n<p>El\/la graduado\/a que pretendemos formar debe egresar munido de las habilidades y la capacitaci\u00f3n necesarias para actuar en diferentes campos del \u00e1mbito social, desarrollando un sentido de responsabilidad individual y colectivo, apto para la formulaci\u00f3n de soluciones jur\u00eddicas nuevas, creativas y superadoras, capaz de decidir controversias con estrategias adecuadas y modernas, desembarazado\/a de un sistema de ideas y conceptualizaciones preestablecidas, dogm\u00e1ticas e inmodificables.<\/p>\n<p>Dentro de las posibilidades del perfil propuesto, se aspira a que el\/la profesional egresado\/a con el t\u00edtulo de Abogado\/a de la Facultad de Derecho de la Universidad Nacional de Mar del Plata, sea capaz de:<\/p>\n<p>a.- patrocinar y representar en actuaciones judiciales y administrativas con seriedad, cientificismo y eficiencia.<br \/>\nb.- asesorar en asuntos que requieran opini\u00f3n jur\u00eddica con sentido cr\u00edtico y fundamentaci\u00f3n t\u00e9cnico-cient\u00edfica.<br \/>\nc.- desempe\u00f1arse en la magistratura y otras funciones judiciales con solvencia, integridad y conocimientos.<br \/>\nd.- intervenir como asesor, mediador o representante en todas las actividades de la administraci\u00f3n p\u00fablica y\/o privada, donde sea necesario el conocimiento del Derecho.<br \/>\ne.- manejar conocimientos de t\u00e9cnica y pol\u00edtica legislativa para realizar funciones electivas o no y ocupar cargos en el Gobierno del Estado con idoneidad y \u00e9tica.<br \/>\nf.- emprender proyectos y trabajos de investigaci\u00f3n jur\u00eddica especializada con metodolog\u00eda cient\u00edfica.<br \/>\ng.- transmitir los conocimientos y la experiencia adquirida con m\u00e9todos pedag\u00f3gicos adecuados para desempe\u00f1arse en la docencia.<br \/>\nh.- desarrollar un conocimiento cabal y acabado de la problem\u00e1tica jur\u00eddica regional, para colaborar con su saber a la soluci\u00f3n de los problemas.<\/p>\n<h2><strong>Objetivos del plan propuesto para la carrera<\/strong><\/h2>\n<p>Se pretende:<br \/>\na.- estimular una concepci\u00f3n cr\u00edtica del Derecho, que convierta a la Facultad en el \u00e1mbito adecuado para generar e incentivar inquietudes de investigaci\u00f3n cient\u00edfica como modo y forma de crecimiento acad\u00e9mico.<br \/>\nb.- posibilitar la capacitaci\u00f3n de la Comunidad Universitaria para resolver los problemas profesionales m\u00e1s complejos, fomentando un esp\u00edritu creativo para imaginar y obtener soluciones jur\u00eddicas originales.<br \/>\nc.- formar para una concepci\u00f3n no ingenua de la realidad que permita reconocer a tiempo, cabalmente, las necesidades de la sociedad y las transformaciones del derecho, convirti\u00e9ndolo en una aut\u00e9ntica y eficaz herramienta de \u201cingenier\u00eda social\u201d.<br \/>\nd.- que los alumnos aprendan a pensar y relacionar jur\u00eddicamente, mucho m\u00e1s que a memorizar teor\u00edas, definiciones y leyes.<br \/>\nEs decir, ense\u00f1ar Derecho y no solo legislaci\u00f3n, dotando al graduado de herramientas conceptuales por sobre la informaci\u00f3n.<\/p>\n<p><strong>Nivel:<\/strong>\u00a0Carrera de grado<br \/>\n<strong>Permanencia:<\/strong>\u00a0Permanente.<br \/>\n<strong>Modalidad:<\/strong>\u00a0Presencial<br \/>\n<strong>Duraci\u00f3n:<\/strong>\u00a0Cinco a\u00f1os y medio<br \/>\n<strong>Ingreso irrestricto: <\/strong>Ingresantes no deber\u00e1n atravesar una instancia de evaluaci\u00f3n y\/o curso de ingreso a la carrera. Comenzar\u00e1n cursando las asignaturas correspondientes al Ciclo de Formaci\u00f3n Introductoria.<br \/>\n<strong>Dependencia org\u00e1nica funcional<\/strong><br \/>\nLa carrera funciona dentro de la Facultad de Derecho.<\/p>\n<p><strong>T\u00edtulo que otorga:<\/strong>\u00a0Abogado\/a<\/p>\n","protected":false},"excerpt":{"rendered":"<p>ABOGAC\u00cdA Carrera de Abogac\u00eda acreditada por la Comisi\u00f3n Nacional de Evaluaci\u00f3n y Acreditaci\u00f3n Universitaria (CONEAU) mediante Resoluci\u00f3n\u00a0Ex-2018-33706438-APN-DAC#CONEAU R Perfil El\/la graduado\/a que pretendemos formar debe egresar munido de las habilidades y la capacitaci\u00f3n necesarias para actuar en diferentes campos del \u00e1mbito social, desarrollando un sentido de responsabilidad individual y colectivo, apto para la formulaci\u00f3n de &hellip; <\/p>\n<p class=\"link-more\"><a href=\"https:\/\/derecho.mdp.edu.ar\/index.php\/abogacia-inicio\/\" class=\"more-link\">Segu\u00ed leyendo<span class=\"screen-reader-text\"> &#8220;Abogac\u00eda Inicio&#8221;<\/span><\/a><\/p>\n","protected":false},"author":1,"featured_media":0,"parent":0,"menu_order":0,"comment_status":"closed","ping_status":"closed","template":"","meta":[],"_links":{"self":[{"href":"https:\/\/derecho.mdp.edu.ar\/index.php\/wp-json\/wp\/v2\/pages\/33"}],"collection":[{"href":"https:\/\/derecho.mdp.edu.ar\/index.php\/wp-json\/wp\/v2\/pages"}],"about":[{"href":"https:\/\/derecho.mdp.edu.ar\/index.php\/wp-json\/wp\/v2\/types\/page"}],"author":[{"embeddable":true,"href":"https:\/\/derecho.mdp.edu.ar\/index.php\/wp-json\/wp\/v2\/users\/1"}],"replies":[{"embeddable":true,"href":"https:\/\/derecho.mdp.edu.ar\/index.php\/wp-json\/wp\/v2\/comments?post=33"}],"version-history":[{"count":7,"href":"https:\/\/derecho.mdp.edu.ar\/index.php\/wp-json\/wp\/v2\/pages\/33\/revisions"}],"predecessor-version":[{"id":1889,"href":"https:\/\/derecho.mdp.edu.ar\/index.php\/wp-json\/wp\/v2\/pages\/33\/revisions\/1889"}],"wp:attachment":[{"href":"https:\/\/derecho.mdp.edu.ar\/index.php\/wp-json\/wp\/v2\/media?parent=33"}],"curies":[{"name":"wp","href":"https:\/\/api.w.org\/{rel}","templated":true}]}}

Abogacía Inicio

<h1>ABOGACÍA</h1>
<p><em>Carrera de Abogacía acreditada por la Comisión Nacional de Evaluación y Acreditación Universitaria (CONEAU) mediante Resolución </em><em>Ex-2018-33706438-APN-DAC#CONEAU R</em></p>
<h1><strong>Perfil</strong></h1>
<p>El/la graduado/a que pretendemos formar debe egresar munido de las habilidades y la capacitación necesarias para actuar en diferentes campos del ámbito social, desarrollando un sentido de responsabilidad individual y colectivo, apto para la formulación de soluciones jurídicas nuevas, creativas y superadoras, capaz de decidir controversias con estrategias adecuadas y modernas, desembarazado/a de un sistema de ideas y conceptualizaciones preestablecidas, dogmáticas e inmodificables.</p>
<p>Dentro de las posibilidades del perfil propuesto, se aspira a que el/la profesional egresado/a con el título de Abogado/a de la Facultad de Derecho de la Universidad Nacional de Mar del Plata, sea capaz de:</p>
<p>a.- patrocinar y representar en actuaciones judiciales y administrativas con seriedad, cientificismo y eficiencia.<br />
b.- asesorar en asuntos que requieran opinión jurídica con sentido crítico y fundamentación técnico-científica.<br />
c.- desempeñarse en la magistratura y otras funciones judiciales con solvencia, integridad y conocimientos.<br />
d.- intervenir como asesor, mediador o representante en todas las actividades de la administración pública y/o privada, donde sea necesario el conocimiento del Derecho.<br />
e.- manejar conocimientos de técnica y política legislativa para realizar funciones electivas o no y ocupar cargos en el Gobierno del Estado con idoneidad y ética.<br />
f.- emprender proyectos y trabajos de investigación jurídica especializada con metodología científica.<br />
g.- transmitir los conocimientos y la experiencia adquirida con métodos pedagógicos adecuados para desempeñarse en la docencia.<br />
h.- desarrollar un conocimiento cabal y acabado de la problemática jurídica regional, para colaborar con su saber a la solución de los problemas.</p>
<h2><strong>Objetivos del plan propuesto para la carrera</strong></h2>
<p>Se pretende:<br />
a.- estimular una concepción crítica del Derecho, que convierta a la Facultad en el ámbito adecuado para generar e incentivar inquietudes de investigación científica como modo y forma de crecimiento académico.<br />
b.- posibilitar la capacitación de la Comunidad Universitaria para resolver los problemas profesionales más complejos, fomentando un espíritu creativo para imaginar y obtener soluciones jurídicas originales.<br />
c.- formar para una concepción no ingenua de la realidad que permita reconocer a tiempo, cabalmente, las necesidades de la sociedad y las transformaciones del derecho, convirtiéndolo en una auténtica y eficaz herramienta de “ingeniería social”.<br />
d.- que los alumnos aprendan a pensar y relacionar jurídicamente, mucho más que a memorizar teorías, definiciones y leyes.<br />
Es decir, enseñar Derecho y no solo legislación, dotando al graduado de herramientas conceptuales por sobre la información.</p>
<p><strong>Nivel:</strong> Carrera de grado<br />
<strong>Permanencia:</strong> Permanente.<br />
<strong>Modalidad:</strong> Presencial<br />
<strong>Duración:</strong> Cinco años y medio<br />
<strong>Ingreso irrestricto: </strong>Ingresantes no deberán atravesar una instancia de evaluación y/o curso de ingreso a la carrera. Comenzarán cursando las asignaturas correspondientes al Ciclo de Formación Introductoria.<br />
<strong>Dependencia orgánica funcional</strong><br />
La carrera funciona dentro de la Facultad de Derecho.</p>
<p><strong>Título que otorga:</strong> Abogado/a</p>

<p>ABOGACÍA Carrera de Abogacía acreditada por la Comisión Nacional de Evaluación y Acreditación Universitaria (CONEAU) mediante Resolución Ex-2018-33706438-APN-DAC#CONEAU R Perfil El/la graduado/a que pretendemos formar debe egresar munido de las habilidades y la capacitación necesarias para actuar en diferentes campos del ámbito social, desarrollando un sentido de responsabilidad individual y colectivo, apto para la formulación de &hellip; </p>
<p class="link-more"><a href="https://derecho.mdp.edu.ar/index.php/abogacia-inicio/" class="more-link">Seguí leyendo<span class="screen-reader-text"> &#8220;Abogacía Inicio&#8221;</span></a></p>
