{"id":207,"date":"2019-06-12T19:36:27","date_gmt":"2019-06-12T22:36:27","guid":{"rendered":"http:\/\/www.mdp.edu.ar\/derecho\/derecho2019\/?page_id=207"},"modified":"2019-06-13T02:26:11","modified_gmt":"2019-06-13T05:26:11","slug":"extension-convenios","status":"publish","type":"page","link":"https:\/\/derecho.mdp.edu.ar\/index.php\/extension-convenios\/","title":{"rendered":"Extensi\u00f3n Convenios"},"content":{"rendered":"<h1>Convenios<\/h1>\n<p>La Facultad mantiene convenio con distintas entidades de la comunidad para realizar la pr\u00e1ctica profesional de la carrera de Abogac\u00eda en espacios que trascienden la instituci\u00f3n y refuerzan\u00a0el proceso de aprendizaje y entrenamiento laboral.<\/p>\n<h2>Pr\u00e1ctica Profesional en la SCBA<\/h2>\n<p><em>Pr\u00e1ctica no rentada<\/em><\/p>\n<p>La convocatoria para inscribirse se realiza en los meses de marzo y agosto de cada a\u00f1o.\u00a0Los estudiantes interesados deben completar una planilla de inscripci\u00f3n a tal efecto y adjuntar certificado de alumno regular \u2013 expedido por Departamento Estudiantes \u2013 y anal\u00edtico que pueden descargar del SIU con cantidad de materias aprobadas.<\/p>\n<p><strong>Requisito:<\/strong> haber aprobado un m\u00ednimo de 16 asignaturas.<\/p>\n<p><a href=\"http:\/\/www.mdp.edu.ar\/derecho\/docs\/AdjuntoNorma724.pdf\">Anexo de la Ordenanza de Consejo Superior N\u00ba 724<\/a><\/p>\n<h2>Pr\u00e1ctica Profesional en la Fiscal\u00eda de Estado<\/h2>\n<p><em>Pr\u00e1ctica no rentada<\/em><\/p>\n<p>La convocatoria para inscribirse se realiza en el mes de mayo.\u00a0Los estudiantes interesados deben completar una planilla de inscripci\u00f3n a tal efecto y adjuntar certificado de alumno regular \u2013 expedido por Departamento Estudiantes \u2013 y anal\u00edtico que pueden descargar del SIU con cantidad de materias aprobadas.<\/p>\n<p><strong>Requisito:<\/strong> haber aprobado un m\u00ednimo de 21 asignaturas.<\/p>\n<p><a href=\"http:\/\/www.mdp.edu.ar\/derecho\/docs\/AdjuntoNorma668.pdf\">Anexo de la Ordenanza de Consejo Superior N\u00ba 668<\/a><\/p>\n<h2>Pasant\u00eda en FAVA<\/h2>\n<p><em>Pr\u00e1ctica rentada<\/em><\/p>\n<p>La convocatoria se realiza cuando la empresa solicita pasantes, se llama a inscripci\u00f3n como en los casos anteriores y determinan la cantidad de pasantes.<\/p>\n<p><a href=\"http:\/\/www.mdp.edu.ar\/derecho\/docs\/ConvenioFAVA.pdf\">Anexo II de la Ordenanza del Consejo Superior N\u00ba 846<\/a><\/p>\n","protected":false},"excerpt":{"rendered":"<p>Convenios La Facultad mantiene convenio con distintas entidades de la comunidad para realizar la pr\u00e1ctica profesional de la carrera de Abogac\u00eda en espacios que trascienden la instituci\u00f3n y refuerzan\u00a0el proceso de aprendizaje y entrenamiento laboral. Pr\u00e1ctica Profesional en la SCBA Pr\u00e1ctica no rentada La convocatoria para inscribirse se realiza en los meses de marzo y &hellip; <\/p>\n<p class=\"link-more\"><a href=\"https:\/\/derecho.mdp.edu.ar\/index.php\/extension-convenios\/\" class=\"more-link\">Segu\u00ed leyendo<span class=\"screen-reader-text\"> &#8220;Extensi\u00f3n Convenios&#8221;<\/span><\/a><\/p>\n","protected":false},"author":1,"featured_media":0,"parent":0,"menu_order":0,"comment_status":"closed","ping_status":"closed","template":"","meta":[],"_links":{"self":[{"href":"https:\/\/derecho.mdp.edu.ar\/index.php\/wp-json\/wp\/v2\/pages\/207"}],"collection":[{"href":"https:\/\/derecho.mdp.edu.ar\/index.php\/wp-json\/wp\/v2\/pages"}],"about":[{"href":"https:\/\/derecho.mdp.edu.ar\/index.php\/wp-json\/wp\/v2\/types\/page"}],"author":[{"embeddable":true,"href":"https:\/\/derecho.mdp.edu.ar\/index.php\/wp-json\/wp\/v2\/users\/1"}],"replies":[{"embeddable":true,"href":"https:\/\/derecho.mdp.edu.ar\/index.php\/wp-json\/wp\/v2\/comments?post=207"}],"version-history":[{"count":3,"href":"https:\/\/derecho.mdp.edu.ar\/index.php\/wp-json\/wp\/v2\/pages\/207\/revisions"}],"predecessor-version":[{"id":229,"href":"https:\/\/derecho.mdp.edu.ar\/index.php\/wp-json\/wp\/v2\/pages\/207\/revisions\/229"}],"wp:attachment":[{"href":"https:\/\/derecho.mdp.edu.ar\/index.php\/wp-json\/wp\/v2\/media?parent=207"}],"curies":[{"name":"wp","href":"https:\/\/api.w.org\/{rel}","templated":true}]}}

Extensión Convenios

<h1>Convenios</h1>
<p>La Facultad mantiene convenio con distintas entidades de la comunidad para realizar la práctica profesional de la carrera de Abogacía en espacios que trascienden la institución y refuerzan el proceso de aprendizaje y entrenamiento laboral.</p>
<h2>Práctica Profesional en la SCBA</h2>
<p><em>Práctica no rentada</em></p>
<p>La convocatoria para inscribirse se realiza en los meses de marzo y agosto de cada año. Los estudiantes interesados deben completar una planilla de inscripción a tal efecto y adjuntar certificado de alumno regular – expedido por Departamento Estudiantes – y analítico que pueden descargar del SIU con cantidad de materias aprobadas.</p>
<p><strong>Requisito:</strong> haber aprobado un mínimo de 16 asignaturas.</p>
<p><a href="http://www.mdp.edu.ar/derecho/docs/AdjuntoNorma724.pdf">Anexo de la Ordenanza de Consejo Superior Nº 724</a></p>
<h2>Práctica Profesional en la Fiscalía de Estado</h2>
<p><em>Práctica no rentada</em></p>
<p>La convocatoria para inscribirse se realiza en el mes de mayo. Los estudiantes interesados deben completar una planilla de inscripción a tal efecto y adjuntar certificado de alumno regular – expedido por Departamento Estudiantes – y analítico que pueden descargar del SIU con cantidad de materias aprobadas.</p>
<p><strong>Requisito:</strong> haber aprobado un mínimo de 21 asignaturas.</p>
<p><a href="http://www.mdp.edu.ar/derecho/docs/AdjuntoNorma668.pdf">Anexo de la Ordenanza de Consejo Superior Nº 668</a></p>
<h2>Pasantía en FAVA</h2>
<p><em>Práctica rentada</em></p>
<p>La convocatoria se realiza cuando la empresa solicita pasantes, se llama a inscripción como en los casos anteriores y determinan la cantidad de pasantes.</p>
<p><a href="http://www.mdp.edu.ar/derecho/docs/ConvenioFAVA.pdf">Anexo II de la Ordenanza del Consejo Superior Nº 846</a></p>

<p>Convenios La Facultad mantiene convenio con distintas entidades de la comunidad para realizar la práctica profesional de la carrera de Abogacía en espacios que trascienden la institución y refuerzan el proceso de aprendizaje y entrenamiento laboral. Práctica Profesional en la SCBA Práctica no rentada La convocatoria para inscribirse se realiza en los meses de marzo y &hellip; </p>
<p class="link-more"><a href="https://derecho.mdp.edu.ar/index.php/extension-convenios/" class="more-link">Seguí leyendo<span class="screen-reader-text"> &#8220;Extensión Convenios&#8221;</span></a></p>
