{"id":163,"date":"2019-06-12T19:28:10","date_gmt":"2019-06-12T22:28:10","guid":{"rendered":"http:\/\/www.mdp.edu.ar\/derecho\/derecho2019\/?page_id=163"},"modified":"2019-11-07T15:22:11","modified_gmt":"2019-11-07T18:22:11","slug":"investigacion-derecho-investiga","status":"publish","type":"page","link":"https:\/\/derecho.mdp.edu.ar\/index.php\/investigacion-derecho-investiga\/","title":{"rendered":"Investigaci\u00f3n &#8220;Derecho Investiga&#8221;"},"content":{"rendered":"<h1><strong>\u00bfQu\u00e9 es Derecho Investiga? <\/strong><\/h1>\n<p><em>Reglamentado por OCA 411\/18<\/em><\/p>\n<p><img loading=\"lazy\" class=\"alignnone size-full wp-image-162\" src=\"http:\/\/www.mdp.edu.ar\/derecho\/derecho2019\/wp-content\/uploads\/header-derecho-investiga.jpg\" alt=\"\" width=\"2500\" height=\"876\" srcset=\"https:\/\/derecho.mdp.edu.ar\/wp-content\/uploads\/header-derecho-investiga.jpg 2500w, https:\/\/derecho.mdp.edu.ar\/wp-content\/uploads\/header-derecho-investiga-350x123.jpg 350w, https:\/\/derecho.mdp.edu.ar\/wp-content\/uploads\/header-derecho-investiga-300x105.jpg 300w, https:\/\/derecho.mdp.edu.ar\/wp-content\/uploads\/header-derecho-investiga-768x269.jpg 768w, https:\/\/derecho.mdp.edu.ar\/wp-content\/uploads\/header-derecho-investiga-1024x359.jpg 1024w\" sizes=\"(max-width: 706px) 89vw, (max-width: 767px) 82vw, 740px\" \/><\/p>\n<p>\u00c9ste programa prev\u00e9 una serie de espacios donde los docentes en formaci\u00f3n pueden generar o coordinar actividades como ateneos de discusi\u00f3n, cl\u00ednicas jur\u00eddicas y proyectos de investigaci\u00f3n donde pueden participar alumnos y graduados de nuestra Facultad incentivando la labor de investigaci\u00f3n y reforzando los v\u00ednculos con la instituci\u00f3n; donde aquellos que tengan vocaci\u00f3n cient\u00edfica puedan encontrar en este programa una espacio de gu\u00eda, tutor\u00eda, seguimiento de las diversas actividades que representan la investigaci\u00f3n cient\u00edfica en nuestra Facultad .<\/p>\n<h2><strong>Proyectos de Investigaci\u00f3n Internos de la Facultad de Derecho<\/strong><\/h2>\n<p>Proyectos Evaluados por\u00a0medio del Expediente 4-2056\/19. Evaluadores Doctor en Ciencias Econ\u00f3micas Roberto CARRO PAZ, Doctora en\u00a0Derecho Ana Mar\u00eda VERNETTI, Doctora en Derecho Leila DEVIA.<\/p>\n<p>1. Redefinici\u00f3n del concepto de inter\u00e9s social para evitar los conflictos societarios o\u00a0reducir sus efectos. 01-01-19 al 31-12-20. (\u00c1rea Derecho Comercial. Sociolog\u00eda).<br \/>\n<strong>Directora:<\/strong> Doctoranda Silvina LO CIRIO, categor\u00eda investigador en formaci\u00f3n, dedicaci\u00f3n exclusiva.<br \/>\n<strong>Co-Director:<\/strong> Doctorando Diego COSTE, categor\u00eda investigador en formaci\u00f3n, dedicaci\u00f3n simple.<\/p>\n<p>2. An\u00e1lisis comparativo del encuadre normativo hist\u00f3rico y actual de los contratos\u00a0comerciales, r\u00e9gimen general de las sociedades, e insolvencia en los pa\u00edses de habla\u00a0hispana.<br \/>\n<strong>Directora:<\/strong> Doctora Mar\u00eda Barrau, categor\u00eda investigador en formaci\u00f3n, dedicaci\u00f3n parcial.<\/p>\n<p>3. La mediaci\u00f3n como m\u00e9todo alternativo de soluci\u00f3n de conflictos, propuestas y\u00a0desaf\u00edos a la luz de la Justicia 2020 y las nuevas modificaciones legislativas por venir.<br \/>\n<strong>Directora:<\/strong> Doctora Florencia P\u00e9rez, categor\u00eda investigador 5, dedicaci\u00f3n simple.<\/p>\n<p>4. Interpretaci\u00f3n y argumentaci\u00f3n del derecho en el debate filos\u00f3fico cl\u00e1sico y\u00a0contempor\u00e1neo. \u00a001-01-19 al 31-12-20. (Area Filosof\u00eda del Derecho).<br \/>\n<strong>Director:<\/strong> Doctor Leonardo PEREZ HEGI, categor\u00eda investigador en formaci\u00f3n, dedicaci\u00f3n simple.<br \/>\n<strong>Co-Directora:<\/strong> Doctoranda Ana Laura GABOTTO, Becaria A UNMDP, dedicaci\u00f3n simple.<\/p>\n","protected":false},"excerpt":{"rendered":"<p>\u00bfQu\u00e9 es Derecho Investiga? Reglamentado por OCA 411\/18 \u00c9ste programa prev\u00e9 una serie de espacios donde los docentes en formaci\u00f3n pueden generar o coordinar actividades como ateneos de discusi\u00f3n, cl\u00ednicas jur\u00eddicas y proyectos de investigaci\u00f3n donde pueden participar alumnos y graduados de nuestra Facultad incentivando la labor de investigaci\u00f3n y reforzando los v\u00ednculos con la &hellip; <\/p>\n<p class=\"link-more\"><a href=\"https:\/\/derecho.mdp.edu.ar\/index.php\/investigacion-derecho-investiga\/\" class=\"more-link\">Segu\u00ed leyendo<span class=\"screen-reader-text\"> &#8220;Investigaci\u00f3n &#8220;Derecho Investiga&#8221;&#8221;<\/span><\/a><\/p>\n","protected":false},"author":1,"featured_media":0,"parent":0,"menu_order":0,"comment_status":"closed","ping_status":"closed","template":"","meta":[],"_links":{"self":[{"href":"https:\/\/derecho.mdp.edu.ar\/index.php\/wp-json\/wp\/v2\/pages\/163"}],"collection":[{"href":"https:\/\/derecho.mdp.edu.ar\/index.php\/wp-json\/wp\/v2\/pages"}],"about":[{"href":"https:\/\/derecho.mdp.edu.ar\/index.php\/wp-json\/wp\/v2\/types\/page"}],"author":[{"embeddable":true,"href":"https:\/\/derecho.mdp.edu.ar\/index.php\/wp-json\/wp\/v2\/users\/1"}],"replies":[{"embeddable":true,"href":"https:\/\/derecho.mdp.edu.ar\/index.php\/wp-json\/wp\/v2\/comments?post=163"}],"version-history":[{"count":5,"href":"https:\/\/derecho.mdp.edu.ar\/index.php\/wp-json\/wp\/v2\/pages\/163\/revisions"}],"predecessor-version":[{"id":687,"href":"https:\/\/derecho.mdp.edu.ar\/index.php\/wp-json\/wp\/v2\/pages\/163\/revisions\/687"}],"wp:attachment":[{"href":"https:\/\/derecho.mdp.edu.ar\/index.php\/wp-json\/wp\/v2\/media?parent=163"}],"curies":[{"name":"wp","href":"https:\/\/api.w.org\/{rel}","templated":true}]}}

Investigación &#8220;Derecho Investiga&#8221;

<h1><strong>¿Qué es Derecho Investiga? </strong></h1>
<p><em>Reglamentado por OCA 411/18</em></p>
<p><img loading="lazy" class="alignnone size-full wp-image-162" src="http://www.mdp.edu.ar/derecho/derecho2019/wp-content/uploads/header-derecho-investiga.jpg" alt="" width="2500" height="876" srcset="https://derecho.mdp.edu.ar/wp-content/uploads/header-derecho-investiga.jpg 2500w, https://derecho.mdp.edu.ar/wp-content/uploads/header-derecho-investiga-350x123.jpg 350w, https://derecho.mdp.edu.ar/wp-content/uploads/header-derecho-investiga-300x105.jpg 300w, https://derecho.mdp.edu.ar/wp-content/uploads/header-derecho-investiga-768x269.jpg 768w, https://derecho.mdp.edu.ar/wp-content/uploads/header-derecho-investiga-1024x359.jpg 1024w" sizes="(max-width: 706px) 89vw, (max-width: 767px) 82vw, 740px" /></p>
<p>Éste programa prevé una serie de espacios donde los docentes en formación pueden generar o coordinar actividades como ateneos de discusión, clínicas jurídicas y proyectos de investigación donde pueden participar alumnos y graduados de nuestra Facultad incentivando la labor de investigación y reforzando los vínculos con la institución; donde aquellos que tengan vocación científica puedan encontrar en este programa una espacio de guía, tutoría, seguimiento de las diversas actividades que representan la investigación científica en nuestra Facultad .</p>
<h2><strong>Proyectos de Investigación Internos de la Facultad de Derecho</strong></h2>
<p>Proyectos Evaluados por medio del Expediente 4-2056/19. Evaluadores Doctor en Ciencias Económicas Roberto CARRO PAZ, Doctora en Derecho Ana María VERNETTI, Doctora en Derecho Leila DEVIA.</p>
<p>1. Redefinición del concepto de interés social para evitar los conflictos societarios o reducir sus efectos. 01-01-19 al 31-12-20. (Área Derecho Comercial. Sociología).<br />
<strong>Directora:</strong> Doctoranda Silvina LO CIRIO, categoría investigador en formación, dedicación exclusiva.<br />
<strong>Co-Director:</strong> Doctorando Diego COSTE, categoría investigador en formación, dedicación simple.</p>
<p>2. Análisis comparativo del encuadre normativo histórico y actual de los contratos comerciales, régimen general de las sociedades, e insolvencia en los países de habla hispana.<br />
<strong>Directora:</strong> Doctora María Barrau, categoría investigador en formación, dedicación parcial.</p>
<p>3. La mediación como método alternativo de solución de conflictos, propuestas y desafíos a la luz de la Justicia 2020 y las nuevas modificaciones legislativas por venir.<br />
<strong>Directora:</strong> Doctora Florencia Pérez, categoría investigador 5, dedicación simple.</p>
<p>4. Interpretación y argumentación del derecho en el debate filosófico clásico y contemporáneo.  01-01-19 al 31-12-20. (Area Filosofía del Derecho).<br />
<strong>Director:</strong> Doctor Leonardo PEREZ HEGI, categoría investigador en formación, dedicación simple.<br />
<strong>Co-Directora:</strong> Doctoranda Ana Laura GABOTTO, Becaria A UNMDP, dedicación simple.</p>

<p>¿Qué es Derecho Investiga? Reglamentado por OCA 411/18 Éste programa prevé una serie de espacios donde los docentes en formación pueden generar o coordinar actividades como ateneos de discusión, clínicas jurídicas y proyectos de investigación donde pueden participar alumnos y graduados de nuestra Facultad incentivando la labor de investigación y reforzando los vínculos con la &hellip; </p>
<p class="link-more"><a href="https://derecho.mdp.edu.ar/index.php/investigacion-derecho-investiga/" class="more-link">Seguí leyendo<span class="screen-reader-text"> &#8220;Investigación &#8220;Derecho Investiga&#8221;&#8221;</span></a></p>
