{"id":161,"date":"2019-06-12T19:28:32","date_gmt":"2019-06-12T22:28:32","guid":{"rendered":"http:\/\/www.mdp.edu.ar\/derecho\/derecho2019\/?page_id=161"},"modified":"2019-06-13T01:24:10","modified_gmt":"2019-06-13T04:24:10","slug":"investigacion-inicio","status":"publish","type":"page","link":"https:\/\/derecho.mdp.edu.ar\/index.php\/investigacion-inicio\/","title":{"rendered":"Investigaci\u00f3n &#8220;Inicio&#8221;"},"content":{"rendered":"<p><strong>Responsable del \u00e1rea de investigaci\u00f3n:<\/strong> Dra. Ana Mar\u00eda Vernetti.<\/p>\n<p><strong>Ubicaci\u00f3n:\u00a0<\/strong>Octavo piso \u2013 Facultad de Derecho UNMdP.<\/p>\n<p>La Facultad de\u00a0 Derecho de la UNMdP implementa pol\u00edticas de fomento a la Investigaci\u00f3n Cient\u00edfica y Tecnol\u00f3gica, adem\u00e1s de las Convocatorias anuales a BECAS de Investigaci\u00f3n en sus categor\u00edas:\u00a0Estudiante Avanzado, y para Graduados (Beca A y Beca B) y a Proyectos de Investigaci\u00f3n que la UNMDP genera en cumplimiento con la OCS 2301\/12, y 136\/08;<\/p>\n<p>La Facultad de Derecho cuenta a su vez con\u00a0 el Programa <em>Derecho Investiga,<\/em>\u00a0reglamentado por OCA 411\/18.<\/p>\n<p>Adem\u00e1s, contamos con el <em>Instituto de Investigaciones en Ciencias Jur\u00eddicas Carlos Santiago Nino<\/em>\u00a0y\u00a0 el <em>Centro de Investigaci\u00f3n\u00a0 y Docencia en Derechos Humanos\u00a0de Doble Dependencia\u00a0 Alicia Moreau (asociado a C.I.C)<\/em>\u00a0que generan a su vez m\u00faltiples actividades de investigaci\u00f3n y constituyen lugar de trabajo de los proyectos de investigaci\u00f3n grupales e individuales de investigadores y becarios, tanto de la UNMDP como de\u00a0 otras instituciones como CIC, CONICET y Agencia de CyT, entre otras.<\/p>\n<div>Estamos convencidos que la formaci\u00f3n de recursos humanos es esencial para la actualizaci\u00f3n y obtenci\u00f3n de valiosos aportes que generen y brinden nuevas herramientas de actuaci\u00f3n a los operadores del Derecho.<\/div>\n<div>\n<div>\n<div>\n<div><\/div>\n<div>La Facultad cuenta con 71 docentes investigadores categorizados del Sistema de incentivos (SPU), la capacitaci\u00f3n en materia de posgrado es permanente a trav\u00e9s de las Carreras de Especializaci\u00f3n y de Doctorado en Derecho donde la carga horaria dedicada a tareas de investigaci\u00f3n es de notable relevancia ya que el objetivo de la Tesis\u00a0 doctoral consiste en un aporte original a la Ciencia Jur\u00eddica.<\/div>\n<\/div>\n<\/div>\n<\/div>\n","protected":false},"excerpt":{"rendered":"<p>Responsable del \u00e1rea de investigaci\u00f3n: Dra. Ana Mar\u00eda Vernetti. Ubicaci\u00f3n:\u00a0Octavo piso \u2013 Facultad de Derecho UNMdP. La Facultad de\u00a0 Derecho de la UNMdP implementa pol\u00edticas de fomento a la Investigaci\u00f3n Cient\u00edfica y Tecnol\u00f3gica, adem\u00e1s de las Convocatorias anuales a BECAS de Investigaci\u00f3n en sus categor\u00edas:\u00a0Estudiante Avanzado, y para Graduados (Beca A y Beca B) y &hellip; <\/p>\n<p class=\"link-more\"><a href=\"https:\/\/derecho.mdp.edu.ar\/index.php\/investigacion-inicio\/\" class=\"more-link\">Segu\u00ed leyendo<span class=\"screen-reader-text\"> &#8220;Investigaci\u00f3n &#8220;Inicio&#8221;&#8221;<\/span><\/a><\/p>\n","protected":false},"author":1,"featured_media":0,"parent":0,"menu_order":0,"comment_status":"closed","ping_status":"closed","template":"","meta":[],"_links":{"self":[{"href":"https:\/\/derecho.mdp.edu.ar\/index.php\/wp-json\/wp\/v2\/pages\/161"}],"collection":[{"href":"https:\/\/derecho.mdp.edu.ar\/index.php\/wp-json\/wp\/v2\/pages"}],"about":[{"href":"https:\/\/derecho.mdp.edu.ar\/index.php\/wp-json\/wp\/v2\/types\/page"}],"author":[{"embeddable":true,"href":"https:\/\/derecho.mdp.edu.ar\/index.php\/wp-json\/wp\/v2\/users\/1"}],"replies":[{"embeddable":true,"href":"https:\/\/derecho.mdp.edu.ar\/index.php\/wp-json\/wp\/v2\/comments?post=161"}],"version-history":[{"count":1,"href":"https:\/\/derecho.mdp.edu.ar\/index.php\/wp-json\/wp\/v2\/pages\/161\/revisions"}],"predecessor-version":[{"id":164,"href":"https:\/\/derecho.mdp.edu.ar\/index.php\/wp-json\/wp\/v2\/pages\/161\/revisions\/164"}],"wp:attachment":[{"href":"https:\/\/derecho.mdp.edu.ar\/index.php\/wp-json\/wp\/v2\/media?parent=161"}],"curies":[{"name":"wp","href":"https:\/\/api.w.org\/{rel}","templated":true}]}}