{"id":141,"date":"2019-06-12T19:22:37","date_gmt":"2019-06-12T22:22:37","guid":{"rendered":"http:\/\/www.mdp.edu.ar\/derecho\/derecho2019\/?page_id=141"},"modified":"2019-06-13T13:54:39","modified_gmt":"2019-06-13T16:54:39","slug":"internacionales-inicio","status":"publish","type":"page","link":"https:\/\/derecho.mdp.edu.ar\/index.php\/internacionales-inicio\/","title":{"rendered":"Internacionales &#8220;Inicio&#8221;"},"content":{"rendered":"<h1>RELACIONES INTERNACIONALES<\/h1>\n<p>La Facultad de Derecho de la Universidad Nacional de Mar del Plata, asigna un valor trascendente\u00a0a la internacionalizaci\u00f3n de la Educaci\u00f3n Superior,\u00a0\u00a0formalizando los beneficios de la cooperaci\u00f3n internacional, la integraci\u00f3n regional, la movilidad acad\u00e9mica, las redes y la colaboraci\u00f3n entre equipos multidisciplinarios.<\/p>\n<p>A trav\u00e9s de diversos programas, convenios y proyectos, env\u00eda a estudiantes, docentes, investigadores, personal de gesti\u00f3n y graduados a realizar estancias de estudio y capacitaci\u00f3n en distintos pa\u00edses. Adem\u00e1s, estudiantes y docentes participan en competencias de arbitraje internacional, concursos de litigaci\u00f3n, en la presentaci\u00f3n de ponencias en congresos Internacionales y en la asistencia a cursos internacionales.<\/p>\n<p>Tambi\u00e9n la Facultad de Derecho se ha consolidado como un destino acad\u00e9mico prestigioso, por lo que recibe habitualmente estudiantes e investigadores de distintos pa\u00edses, enriqueciendo y enriqueci\u00e9ndose con la pr\u00e1ctica de la \u201cinternacionalizaci\u00f3n en casa\u201d.<\/p>\n<p>La Facultad participa activamente en el <a href=\"http:\/\/www.mdp.edu.ar\/derecho\/docs\/ReglamentoProgramaEscala.pdf\">Programa de Movilidad Escala Estudiantil<\/a> coordinado por la Asociaci\u00f3n Universitaria Grupo Montevideo (AUGM), en el Programa PILA\u00a0 y en el Programa de movilidad con la Universidad de Regensburg, Alemania\u00a0(<a href=\"http:\/\/www.mdp.edu.ar\/derecho\/docs\/OCS2144.pdf\">OCS 2144\/07<\/a>)\u00a0y de varios v\u00ednculos formalizados por la Universidad Nacional de Mar del Plata con Universidades y Centros de Estudio de diversos pa\u00edses del mundo.<\/p>\n<p>Adem\u00e1s, la propia Unidad Acad\u00e9mica genera acuerdos de cooperaci\u00f3n internacional, como el <a href=\"http:\/\/www.mdp.edu.ar\/derecho\/docs\/ConvenioAcadSaoPaulo.pdf\">Acuerdo Marco con la\u00a0<i>Facultade de Direito da Universidade de Sao Paulo\u00a0<\/i>(FDUSP)<\/a>, en el cuyo marco se est\u00e1 ejecutando un proyecto de investigaci\u00f3n interinstitucional sobre diversidad biol\u00f3gica marina.<\/p>\n<p>En el mes de septiembre de 2018, un grupo de estudiantes de la Facultad de Derecho de Mar del Plata, participaron del Curso Internacional de Derecho dictado en la Universidad del Estado de R\u00edo de Janeiro, Brasil (UERJ). La exitosa experiencia motiv\u00f3 que se est\u00e1 avanzado un Acuerdo Espec\u00edfico de Cooperaci\u00f3n entre la Facultad de Derecho de Mar del Plata y la Facultad de Derecho de la Universidad del Estado de R\u00edo de Janeiro, para dar continuidad a la movilidad de alumnos, docentes e investigadores. La segunda edici\u00f3n del Curso ser\u00e1 en la facultad de Mar del Plata, la \u00faltima semana del mes de octubre de 2019.<\/p>\n<p>Actualmente se est\u00e1n negociando acuerdos de cooperaci\u00f3n con la Facultad de Derecho de la Universidad de Sevilla, Espa\u00f1a, y con la Facultad de Derecho de la Universidad Internacional Sek, Ecuador.<\/p>\n<p>Los referentes de Relaciones Internacionales de la Facultad integran la Comisi\u00f3n Organizadora de la <a href=\"http:\/\/www.mdp.edu.ar\/index.php\/noticias-generales\/apertura-fiesa-2019\">Feria Internacional de Educaci\u00f3n Superior Argentina (FIESA 2020)<\/a>, que se realizar\u00e1 en el mes de marzo del a\u00f1o pr\u00f3ximo en el Gran Hotel Provincial de Mar del Plata.<\/p>\n<p><strong>Responsable del \u00c1rea<\/strong><br \/>\nAbog. Adriana Anal\u00eda Arias, Subsecretaria Acad\u00e9mica<\/p>\n<p><strong>Referentes de la Unidad Acad\u00e9mica<\/strong><br \/>\nAbog. Evangelina Marisol Cendra<br \/>\nDr. Favio Norberto Farinella<br \/>\nDr. Alberto C\u00e9sar Moreira<\/p>\n<p><strong>Contacto:\u00a0<\/strong><a href=\"mailto:rriiderechounmdp@gmail.com\" target=\"_blank\" rel=\"noopener\">rriiderechounmdp@gmail.com<\/a><\/p>\n","protected":false},"excerpt":{"rendered":"<p>RELACIONES INTERNACIONALES La Facultad de Derecho de la Universidad Nacional de Mar del Plata, asigna un valor trascendente\u00a0a la internacionalizaci\u00f3n de la Educaci\u00f3n Superior,\u00a0\u00a0formalizando los beneficios de la cooperaci\u00f3n internacional, la integraci\u00f3n regional, la movilidad acad\u00e9mica, las redes y la colaboraci\u00f3n entre equipos multidisciplinarios. A trav\u00e9s de diversos programas, convenios y proyectos, env\u00eda a estudiantes, &hellip; <\/p>\n<p class=\"link-more\"><a href=\"https:\/\/derecho.mdp.edu.ar\/index.php\/internacionales-inicio\/\" class=\"more-link\">Segu\u00ed leyendo<span class=\"screen-reader-text\"> &#8220;Internacionales &#8220;Inicio&#8221;&#8221;<\/span><\/a><\/p>\n","protected":false},"author":1,"featured_media":0,"parent":0,"menu_order":0,"comment_status":"closed","ping_status":"closed","template":"","meta":[],"_links":{"self":[{"href":"https:\/\/derecho.mdp.edu.ar\/index.php\/wp-json\/wp\/v2\/pages\/141"}],"collection":[{"href":"https:\/\/derecho.mdp.edu.ar\/index.php\/wp-json\/wp\/v2\/pages"}],"about":[{"href":"https:\/\/derecho.mdp.edu.ar\/index.php\/wp-json\/wp\/v2\/types\/page"}],"author":[{"embeddable":true,"href":"https:\/\/derecho.mdp.edu.ar\/index.php\/wp-json\/wp\/v2\/users\/1"}],"replies":[{"embeddable":true,"href":"https:\/\/derecho.mdp.edu.ar\/index.php\/wp-json\/wp\/v2\/comments?post=141"}],"version-history":[{"count":5,"href":"https:\/\/derecho.mdp.edu.ar\/index.php\/wp-json\/wp\/v2\/pages\/141\/revisions"}],"predecessor-version":[{"id":506,"href":"https:\/\/derecho.mdp.edu.ar\/index.php\/wp-json\/wp\/v2\/pages\/141\/revisions\/506"}],"wp:attachment":[{"href":"https:\/\/derecho.mdp.edu.ar\/index.php\/wp-json\/wp\/v2\/media?parent=141"}],"curies":[{"name":"wp","href":"https:\/\/api.w.org\/{rel}","templated":true}]}}

<h1>RELACIONES INTERNACIONALES</h1>
<p>La Facultad de Derecho de la Universidad Nacional de Mar del Plata, asigna un valor trascendente a la internacionalización de la Educación Superior,  formalizando los beneficios de la cooperación internacional, la integración regional, la movilidad académica, las redes y la colaboración entre equipos multidisciplinarios.</p>
<p>A través de diversos programas, convenios y proyectos, envía a estudiantes, docentes, investigadores, personal de gestión y graduados a realizar estancias de estudio y capacitación en distintos países. Además, estudiantes y docentes participan en competencias de arbitraje internacional, concursos de litigación, en la presentación de ponencias en congresos Internacionales y en la asistencia a cursos internacionales.</p>
<p>También la Facultad de Derecho se ha consolidado como un destino académico prestigioso, por lo que recibe habitualmente estudiantes e investigadores de distintos países, enriqueciendo y enriqueciéndose con la práctica de la “internacionalización en casa”.</p>
<p>La Facultad participa activamente en el <a href="http://www.mdp.edu.ar/derecho/docs/ReglamentoProgramaEscala.pdf">Programa de Movilidad Escala Estudiantil</a> coordinado por la Asociación Universitaria Grupo Montevideo (AUGM), en el Programa PILA  y en el Programa de movilidad con la Universidad de Regensburg, Alemania (<a href="http://www.mdp.edu.ar/derecho/docs/OCS2144.pdf">OCS 2144/07</a>) y de varios vínculos formalizados por la Universidad Nacional de Mar del Plata con Universidades y Centros de Estudio de diversos países del mundo.</p>
<p>Además, la propia Unidad Académica genera acuerdos de cooperación internacional, como el <a href="http://www.mdp.edu.ar/derecho/docs/ConvenioAcadSaoPaulo.pdf">Acuerdo Marco con la <i>Facultade de Direito da Universidade de Sao Paulo </i>(FDUSP)</a>, en el cuyo marco se está ejecutando un proyecto de investigación interinstitucional sobre diversidad biológica marina.</p>
<p>En el mes de septiembre de 2018, un grupo de estudiantes de la Facultad de Derecho de Mar del Plata, participaron del Curso Internacional de Derecho dictado en la Universidad del Estado de Río de Janeiro, Brasil (UERJ). La exitosa experiencia motivó que se está avanzado un Acuerdo Específico de Cooperación entre la Facultad de Derecho de Mar del Plata y la Facultad de Derecho de la Universidad del Estado de Río de Janeiro, para dar continuidad a la movilidad de alumnos, docentes e investigadores. La segunda edición del Curso será en la facultad de Mar del Plata, la última semana del mes de octubre de 2019.</p>
<p>Actualmente se están negociando acuerdos de cooperación con la Facultad de Derecho de la Universidad de Sevilla, España, y con la Facultad de Derecho de la Universidad Internacional Sek, Ecuador.</p>
<p>Los referentes de Relaciones Internacionales de la Facultad integran la Comisión Organizadora de la <a href="http://www.mdp.edu.ar/index.php/noticias-generales/apertura-fiesa-2019">Feria Internacional de Educación Superior Argentina (FIESA 2020)</a>, que se realizará en el mes de marzo del año próximo en el Gran Hotel Provincial de Mar del Plata.</p>
<p><strong>Responsable del Área</strong><br />
Abog. Adriana Analía Arias, Subsecretaria Académica</p>
<p><strong>Referentes de la Unidad Académica</strong><br />
Abog. Evangelina Marisol Cendra<br />
Dr. Favio Norberto Farinella<br />
Dr. Alberto César Moreira</p>
<p><strong>Contacto: </strong><a href="mailto:rriiderechounmdp@gmail.com" target="_blank" rel="noopener">rriiderechounmdp@gmail.com</a></p>

<p>RELACIONES INTERNACIONALES La Facultad de Derecho de la Universidad Nacional de Mar del Plata, asigna un valor trascendente a la internacionalización de la Educación Superior,  formalizando los beneficios de la cooperación internacional, la integración regional, la movilidad académica, las redes y la colaboración entre equipos multidisciplinarios. A través de diversos programas, convenios y proyectos, envía a estudiantes, &hellip; </p>
<p class="link-more"><a href="https://derecho.mdp.edu.ar/index.php/internacionales-inicio/" class="more-link">Seguí leyendo<span class="screen-reader-text"> &#8220;Internacionales &#8220;Inicio&#8221;&#8221;</span></a></p>
