{"id":114,"date":"2019-06-12T19:22:00","date_gmt":"2019-06-12T22:22:00","guid":{"rendered":"http:\/\/www.mdp.edu.ar\/derecho\/derecho2019\/?page_id=114"},"modified":"2023-12-15T15:47:03","modified_gmt":"2023-12-15T18:47:03","slug":"posgrado-inscripcion","status":"publish","type":"page","link":"https:\/\/derecho.mdp.edu.ar\/index.php\/posgrado-inscripcion\/","title":{"rendered":"Posgrado &#8220;Inscripci\u00f3n&#8221;"},"content":{"rendered":"<h2><strong>REQUISITOS DE INSCRIPCI\u00d3N A CURSOS DE POSGRADO \/ CARRERAS DE POSGRADO<\/strong><\/h2>\n<p>Ser graduado universitario, esto es: <strong>poseer certificado de \u00faltima materia, certificado de t\u00edtulo en tr\u00e1mite o t\u00edtulo de grado.<\/strong><\/p>\n<h2><strong>PASOS PARA LA PREINSCRIPCI\u00d3N A CURSOS \/ CARRERAS DE POSTGRADO<\/strong><\/h2>\n<p>1. Descargar y completar el formulario de inscripci\u00f3n. <a href=\"http:\/\/www.mdp.edu.ar\/derecho\/docs\/doctorado\/SOLICITUD DE INSCRIPCION POSTGRADO.docx\">(Descargar)<\/a><br \/>\n2. Enviar formulario <strong>suscripto por el interesado <\/strong>al correo de la Secretar\u00eda de Posgrado (posgrado.der@gmail.com).<br \/>\n3. En caso de inscribirse como <strong>docente<\/strong> de la Facultad de Derecho deber\u00e1 acompa\u00f1ar escaneado junto con el formulario de inscripci\u00f3n:<br \/>\n<strong>DOCUMENTO, TITULO DE GRADO Y ORDENANZA ACAD\u00c9MICA DE DESIGNACI\u00d3N.<\/strong><br \/>\n4. En caso de inscribirse como <strong>graduado<\/strong> deber\u00e1 acompa\u00f1ar escaneado junto con el formulario de inscripci\u00f3n:<br \/>\n<strong>DOCUMENTO Y TITULO DE GRADO.<\/strong><br \/>\n5. Remitido el formulario se enviar\u00e1 al correo electr\u00f3nico informado voucher para el pago de la matr\u00edcula que correspondiere. El mismo podr\u00e1 efectivizarse en cualquien sucursal de Rapipago.<br \/>\n6. La inscripci\u00f3n solo quedar\u00e1 formalizada una vez informado el pago de la matr\u00edcula al correo de la Secretar\u00eda de Posgrado mediante el env\u00edo del comprobante de pago escaneado.<br \/>\n7. Recibido el comprobante de pago de la matr\u00edcula se enviar\u00e1 mail de confirmaci\u00f3n de inscripci\u00f3n desde la Secretar\u00eda.<\/p>\n<p><strong>Se deja constancia de que los requisitos acad\u00e9micos y administrativos deber\u00e1n estar cumplimentados sin excepci\u00f3n al momento de la certificaci\u00f3n. Asimismo, en caso de incumplimiento en el pago el graduado deber\u00e1 responder por la cobertura de gastos operativos por pago tard\u00edo del 2% de inter\u00e9s mensual sobre el total de su saldo deudor que se aplicar\u00e1 a partir de la \u00faltima fecha de dictado de cursada que en cada caso correspondiere.<\/strong><\/p>\n","protected":false},"excerpt":{"rendered":"<p>REQUISITOS DE INSCRIPCI\u00d3N A CURSOS DE POSGRADO \/ CARRERAS DE POSGRADO Ser graduado universitario, esto es: poseer certificado de \u00faltima materia, certificado de t\u00edtulo en tr\u00e1mite o t\u00edtulo de grado. PASOS PARA LA PREINSCRIPCI\u00d3N A CURSOS \/ CARRERAS DE POSTGRADO 1. Descargar y completar el formulario de inscripci\u00f3n. (Descargar) 2. Enviar formulario suscripto por el &hellip; <\/p>\n<p class=\"link-more\"><a href=\"https:\/\/derecho.mdp.edu.ar\/index.php\/posgrado-inscripcion\/\" class=\"more-link\">Segu\u00ed leyendo<span class=\"screen-reader-text\"> &#8220;Posgrado &#8220;Inscripci\u00f3n&#8221;&#8221;<\/span><\/a><\/p>\n","protected":false},"author":1,"featured_media":0,"parent":0,"menu_order":0,"comment_status":"closed","ping_status":"closed","template":"","meta":[],"_links":{"self":[{"href":"https:\/\/derecho.mdp.edu.ar\/index.php\/wp-json\/wp\/v2\/pages\/114"}],"collection":[{"href":"https:\/\/derecho.mdp.edu.ar\/index.php\/wp-json\/wp\/v2\/pages"}],"about":[{"href":"https:\/\/derecho.mdp.edu.ar\/index.php\/wp-json\/wp\/v2\/types\/page"}],"author":[{"embeddable":true,"href":"https:\/\/derecho.mdp.edu.ar\/index.php\/wp-json\/wp\/v2\/users\/1"}],"replies":[{"embeddable":true,"href":"https:\/\/derecho.mdp.edu.ar\/index.php\/wp-json\/wp\/v2\/comments?post=114"}],"version-history":[{"count":5,"href":"https:\/\/derecho.mdp.edu.ar\/index.php\/wp-json\/wp\/v2\/pages\/114\/revisions"}],"predecessor-version":[{"id":512,"href":"https:\/\/derecho.mdp.edu.ar\/index.php\/wp-json\/wp\/v2\/pages\/114\/revisions\/512"}],"wp:attachment":[{"href":"https:\/\/derecho.mdp.edu.ar\/index.php\/wp-json\/wp\/v2\/media?parent=114"}],"curies":[{"name":"wp","href":"https:\/\/api.w.org\/{rel}","templated":true}]}}