{"id":11,"date":"2019-06-13T01:05:27","date_gmt":"2019-06-13T04:05:27","guid":{"rendered":"http:\/\/www.mdp.edu.ar\/derecho\/derecho2019\/?page_id=11"},"modified":"2019-08-26T15:59:47","modified_gmt":"2019-08-26T18:59:47","slug":"la-facultad","status":"publish","type":"page","link":"https:\/\/derecho.mdp.edu.ar\/index.php\/la-facultad\/","title":{"rendered":"La Facultad"},"content":{"rendered":"<p>La Universidad Nacional de Mar del Plata fue creada el 1 de octubre de 1975 sobre la base de la Universidad Provincial, y la incorporaci\u00f3n de carreras provenientes de la Universidad Cat\u00f3lica Stella Maris (Ley 21.139).<\/p>\n<p>La llegada de la dictadura militar en 1976 signific\u00f3 un duro golpe para el desenvolvimiento de las actividades universitarias. Por Resoluci\u00f3n Ministerial N\u00ba 150 se cre\u00f3 la Facultad de Derecho sobre la base de la carrera de abogac\u00eda de la Ex Universidad Cat\u00f3lica, aunque se suspendi\u00f3 el ingreso a la misma hasta el a\u00f1o siguiente estableci\u00e9ndose un cupo de 50 alumnos, al igual que para el resto de las carreras de la Universidad.<\/p>\n<p>Desde el a\u00f1o 1997 la Facultad se encuentra ubicada en la calle 25 de Mayo 2855. Nuestra casa de estudios ofrece carreras de Martillero, Corredor P\u00fablico y Tasador, Abogac\u00eda, variados cursos de posgrado y extensi\u00f3n, carreras de especializaci\u00f3n y Doctorado en Derecho.<\/p>\n<p>A partir del a\u00f1o 2019 se implement\u00f3 el nuevo Plan de Estudios de la carrera de Abogac\u00eda aprobado por OCS N\u00ba 464\/18. El nuevo plan plasma el resultado de un complejo proceso reflexivo que conlleva al replanteo de un dise\u00f1o y desarrollo curricular atento los cambios sociales, econ\u00f3micos, culturales y las grandes modificaciones legislativas de los \u00faltimos a\u00f1os.<\/p>\n<p>Nuestros\/as graduados\/as de Abogac\u00eda tendr\u00e1n las habilidades y la capacitaci\u00f3n necesarias para actuar en diferentes campos del \u00e1mbito social, desarrollando un sentido de responsabilidad individual y colectivo, apto para la formulaci\u00f3n de soluciones jur\u00eddicas nuevas, creativas y superadoras, capaz de decidir controversias con estrategias adecuadas y modernas, desembarazado de un sistema de ideas y conceptualizaciones preestablecidas, dogm\u00e1ticas e inmodificables.<\/p>\n<div style=\"width: 525px;\" class=\"wp-video\"><!--[if lt IE 9]><script>document.createElement('video');<\/script><![endif]-->\n<video class=\"wp-video-shortcode\" id=\"video-11-1\" width=\"525\" height=\"295\" preload=\"metadata\" controls=\"controls\"><source type=\"video\/mp4\" src=\"http:\/\/www.mdp.edu.ar\/derecho\/derecho2019\/wp-content\/uploads\/institucionalfb.mp4?_=1\" \/><a href=\"http:\/\/www.mdp.edu.ar\/derecho\/derecho2019\/wp-content\/uploads\/institucionalfb.mp4\">http:\/\/www.mdp.edu.ar\/derecho\/derecho2019\/wp-content\/uploads\/institucionalfb.mp4<\/a><\/video><\/div>\n","protected":false},"excerpt":{"rendered":"<p>La Universidad Nacional de Mar del Plata fue creada el 1 de octubre de 1975 sobre la base de la Universidad Provincial, y la incorporaci\u00f3n de carreras provenientes de la Universidad Cat\u00f3lica Stella Maris (Ley 21.139). La llegada de la dictadura militar en 1976 signific\u00f3 un duro golpe para el desenvolvimiento de las actividades universitarias. &hellip; <\/p>\n<p class=\"link-more\"><a href=\"https:\/\/derecho.mdp.edu.ar\/index.php\/la-facultad\/\" class=\"more-link\">Segu\u00ed leyendo<span class=\"screen-reader-text\"> &#8220;La Facultad&#8221;<\/span><\/a><\/p>\n","protected":false},"author":1,"featured_media":0,"parent":0,"menu_order":0,"comment_status":"closed","ping_status":"closed","template":"","meta":[],"_links":{"self":[{"href":"https:\/\/derecho.mdp.edu.ar\/index.php\/wp-json\/wp\/v2\/pages\/11"}],"collection":[{"href":"https:\/\/derecho.mdp.edu.ar\/index.php\/wp-json\/wp\/v2\/pages"}],"about":[{"href":"https:\/\/derecho.mdp.edu.ar\/index.php\/wp-json\/wp\/v2\/types\/page"}],"author":[{"embeddable":true,"href":"https:\/\/derecho.mdp.edu.ar\/index.php\/wp-json\/wp\/v2\/users\/1"}],"replies":[{"embeddable":true,"href":"https:\/\/derecho.mdp.edu.ar\/index.php\/wp-json\/wp\/v2\/comments?post=11"}],"version-history":[{"count":6,"href":"https:\/\/derecho.mdp.edu.ar\/index.php\/wp-json\/wp\/v2\/pages\/11\/revisions"}],"predecessor-version":[{"id":632,"href":"https:\/\/derecho.mdp.edu.ar\/index.php\/wp-json\/wp\/v2\/pages\/11\/revisions\/632"}],"wp:attachment":[{"href":"https:\/\/derecho.mdp.edu.ar\/index.php\/wp-json\/wp\/v2\/media?parent=11"}],"curies":[{"name":"wp","href":"https:\/\/api.w.org\/{rel}","templated":true}]}}