{"id":102,"date":"2019-06-12T19:12:54","date_gmt":"2019-06-12T22:12:54","guid":{"rendered":"http:\/\/www.mdp.edu.ar\/derecho\/derecho2019\/?page_id=102"},"modified":"2026-04-06T16:16:29","modified_gmt":"2026-04-06T19:16:29","slug":"institucional-autoridades","status":"publish","type":"page","link":"https:\/\/derecho.mdp.edu.ar\/index.php\/institucional-autoridades\/","title":{"rendered":"Institucional &#8220;Autoridades&#8221;"},"content":{"rendered":"<p style=\"text-align: center;\"><img loading=\"lazy\" class=\"aligncenter wp-image-1285 size-medium\" src=\"https:\/\/derecho.mdp.edu.ar\/wp-content\/uploads\/autoridades-01-300x300.png\" alt=\"\" width=\"300\" height=\"300\" srcset=\"https:\/\/derecho.mdp.edu.ar\/wp-content\/uploads\/autoridades-01-300x300.png 300w, https:\/\/derecho.mdp.edu.ar\/wp-content\/uploads\/autoridades-01-250x250.png 250w, https:\/\/derecho.mdp.edu.ar\/wp-content\/uploads\/autoridades-01-100x100.png 100w, https:\/\/derecho.mdp.edu.ar\/wp-content\/uploads\/autoridades-01-350x351.png 350w, https:\/\/derecho.mdp.edu.ar\/wp-content\/uploads\/autoridades-01-150x150.png 150w, https:\/\/derecho.mdp.edu.ar\/wp-content\/uploads\/autoridades-01.png 521w\" sizes=\"(max-width: 300px) 100vw, 300px\" \/><\/p>\n<p style=\"text-align: center;\"><strong>Decano<br \/>\n<\/strong>Abogado Guillermo Lorenzo<\/p>\n<p style=\"text-align: center;\"><img loading=\"lazy\" class=\"aligncenter wp-image-1895\" src=\"https:\/\/derecho.mdp.edu.ar\/wp-content\/uploads\/autoridades-05.png\" alt=\"\" width=\"300\" height=\"300\" \/><\/a><\/p>\n<p style=\"text-align: center;\"><strong>Vicedecano<\/strong><br \/>\nAbogado Pablo Nogu\u00e9s<\/p>\n<p style=\"text-align: center;\"><img loading=\"lazy\" class=\"aligncenter wp-image-1894\" src=\"https:\/\/derecho.mdp.edu.ar\/wp-content\/uploads\/autoridades-sa.png\" alt=\"\" width=\"300\" height=\"300\" \/><\/a><\/p>\n<p style=\"text-align: center;\"><strong>Secretaria Acad\u00e9mica<\/strong><br \/>\nAbogada Ver\u00f3nica Ivonne Hourquebi\u00e9<\/p>\n<p style=\"text-align: center;\"><img loading=\"lazy\" class=\"aligncenter wp-image-1286 size-medium\" src=\"https:\/\/derecho.mdp.edu.ar\/wp-content\/uploads\/autoridades-02-300x300.png\" alt=\"\" width=\"300\" height=\"300\" srcset=\"https:\/\/derecho.mdp.edu.ar\/wp-content\/uploads\/autoridades-02-300x300.png 300w, https:\/\/derecho.mdp.edu.ar\/wp-content\/uploads\/autoridades-02-250x250.png 250w, https:\/\/derecho.mdp.edu.ar\/wp-content\/uploads\/autoridades-02-100x100.png 100w, https:\/\/derecho.mdp.edu.ar\/wp-content\/uploads\/autoridades-02-350x349.png 350w, https:\/\/derecho.mdp.edu.ar\/wp-content\/uploads\/autoridades-02-150x150.png 150w, https:\/\/derecho.mdp.edu.ar\/wp-content\/uploads\/autoridades-02.png 522w\" sizes=\"(max-width: 300px) 100vw, 300px\" \/><\/p>\n<p style=\"text-align: center;\"><strong>Secretaria de Coordinaci\u00f3n<br \/>\n<\/strong>Especialista Adriana Anal\u00eda Arias<\/p>\n<p style=\"text-align: center;\"><img loading=\"lazy\" class=\"aligncenter wp-image-1287 size-medium\" src=\"https:\/\/derecho.mdp.edu.ar\/wp-content\/uploads\/autoridades-03-300x300.png\" alt=\"\" width=\"300\" height=\"300\" srcset=\"https:\/\/derecho.mdp.edu.ar\/wp-content\/uploads\/autoridades-03-300x300.png 300w, https:\/\/derecho.mdp.edu.ar\/wp-content\/uploads\/autoridades-03-250x250.png 250w, https:\/\/derecho.mdp.edu.ar\/wp-content\/uploads\/autoridades-03-100x100.png 100w, https:\/\/derecho.mdp.edu.ar\/wp-content\/uploads\/autoridades-03-350x350.png 350w, https:\/\/derecho.mdp.edu.ar\/wp-content\/uploads\/autoridades-03-150x150.png 150w, https:\/\/derecho.mdp.edu.ar\/wp-content\/uploads\/autoridades-03.png 521w\" sizes=\"(max-width: 300px) 100vw, 300px\" \/><\/p>\n<p style=\"text-align: center;\"><strong>Secretaria de Investigaci\u00f3n y Posgrado<br \/>\n<\/strong>Abogada Silvina Lo Cirio<\/p>\n<p style=\"text-align: center;\"><img loading=\"lazy\" class=\"aligncenter wp-image-1290 size-medium\" src=\"https:\/\/derecho.mdp.edu.ar\/wp-content\/uploads\/autoridades-06-300x300.png\" alt=\"\" width=\"300\" height=\"300\" srcset=\"https:\/\/derecho.mdp.edu.ar\/wp-content\/uploads\/autoridades-06-300x300.png 300w, https:\/\/derecho.mdp.edu.ar\/wp-content\/uploads\/autoridades-06-250x250.png 250w, https:\/\/derecho.mdp.edu.ar\/wp-content\/uploads\/autoridades-06-100x100.png 100w, https:\/\/derecho.mdp.edu.ar\/wp-content\/uploads\/autoridades-06-350x349.png 350w, https:\/\/derecho.mdp.edu.ar\/wp-content\/uploads\/autoridades-06-150x150.png 150w, https:\/\/derecho.mdp.edu.ar\/wp-content\/uploads\/autoridades-06.png 522w\" sizes=\"(max-width: 300px) 100vw, 300px\" \/><\/p>\n<p style=\"text-align: center;\"><strong>Secretario de Extensi\u00f3n y Bienestar Estudiantil<br \/>\n<\/strong>Abogado Mariano Begue<\/p>\n<p style=\"text-align: center;\"><img loading=\"lazy\" class=\"alignnone wp-image-1291 size-medium\" src=\"https:\/\/derecho.mdp.edu.ar\/wp-content\/uploads\/autoridades-07-300x300.png\" alt=\"\" width=\"300\" height=\"300\" srcset=\"https:\/\/derecho.mdp.edu.ar\/wp-content\/uploads\/autoridades-07-300x300.png 300w, https:\/\/derecho.mdp.edu.ar\/wp-content\/uploads\/autoridades-07-250x250.png 250w, https:\/\/derecho.mdp.edu.ar\/wp-content\/uploads\/autoridades-07-100x100.png 100w, https:\/\/derecho.mdp.edu.ar\/wp-content\/uploads\/autoridades-07-350x350.png 350w, https:\/\/derecho.mdp.edu.ar\/wp-content\/uploads\/autoridades-07-150x150.png 150w, https:\/\/derecho.mdp.edu.ar\/wp-content\/uploads\/autoridades-07.png 521w\" sizes=\"(max-width: 300px) 100vw, 300px\" \/><\/p>\n<p style=\"text-align: center;\"><strong>Subsecretario de Bienestar Estudiantil<br \/>\n<\/strong>Abogado Facundo Andr\u00e9s Irusta<\/p>\n<p style=\"text-align: center;\"><img loading=\"lazy\" class=\"alignnone wp-image-1292 size-medium\" src=\"https:\/\/derecho.mdp.edu.ar\/wp-content\/uploads\/autoridades-08-300x300.png\" alt=\"\" width=\"300\" height=\"300\" srcset=\"https:\/\/derecho.mdp.edu.ar\/wp-content\/uploads\/autoridades-08-300x300.png 300w, https:\/\/derecho.mdp.edu.ar\/wp-content\/uploads\/autoridades-08-250x250.png 250w, https:\/\/derecho.mdp.edu.ar\/wp-content\/uploads\/autoridades-08-100x100.png 100w, https:\/\/derecho.mdp.edu.ar\/wp-content\/uploads\/autoridades-08-350x350.png 350w, https:\/\/derecho.mdp.edu.ar\/wp-content\/uploads\/autoridades-08-150x150.png 150w, https:\/\/derecho.mdp.edu.ar\/wp-content\/uploads\/autoridades-08.png 522w\" sizes=\"(max-width: 300px) 100vw, 300px\" \/><\/p>\n<p style=\"text-align: center;\"><strong>Subsecretaria de Evaluaci\u00f3n, Acreditaci\u00f3n y Seguimiento Acad\u00e9mico<br \/>\n<\/strong>Abogada Fernanda Huerta<\/p>\n<p style=\"text-align: center;\"><img loading=\"lazy\" class=\"aligncenter wp-image-1284 size-medium\" src=\"https:\/\/derecho.mdp.edu.ar\/wp-content\/uploads\/autoridades-09-300x300.png\" alt=\"\" width=\"300\" height=\"300\" srcset=\"https:\/\/derecho.mdp.edu.ar\/wp-content\/uploads\/autoridades-09-300x300.png 300w, https:\/\/derecho.mdp.edu.ar\/wp-content\/uploads\/autoridades-09-250x250.png 250w, https:\/\/derecho.mdp.edu.ar\/wp-content\/uploads\/autoridades-09-100x100.png 100w, https:\/\/derecho.mdp.edu.ar\/wp-content\/uploads\/autoridades-09-350x351.png 350w, https:\/\/derecho.mdp.edu.ar\/wp-content\/uploads\/autoridades-09-150x150.png 150w, https:\/\/derecho.mdp.edu.ar\/wp-content\/uploads\/autoridades-09.png 521w\" sizes=\"(max-width: 300px) 100vw, 300px\" \/><\/p>\n<p style=\"text-align: center;\"><strong>Directora de Doctorado<\/strong><br \/>\nDoctora Ana Mar\u00eda Vernetti<\/p>\n","protected":false},"excerpt":{"rendered":"<p>Decano Abogado Guillermo Lorenzo Vicedecano Abogado Pablo Nogu\u00e9s Secretaria Acad\u00e9mica Abogada Ver\u00f3nica Ivonne Hourquebi\u00e9 Secretaria de Coordinaci\u00f3n Especialista Adriana Anal\u00eda Arias Secretaria de Investigaci\u00f3n y Posgrado Abogada Silvina Lo Cirio Secretario de Extensi\u00f3n y Bienestar Estudiantil Abogado Mariano Begue Subsecretario de Bienestar Estudiantil Abogado Facundo Andr\u00e9s Irusta Subsecretaria de Evaluaci\u00f3n, Acreditaci\u00f3n y Seguimiento Acad\u00e9mico Abogada &hellip; <\/p>\n<p class=\"link-more\"><a href=\"https:\/\/derecho.mdp.edu.ar\/index.php\/institucional-autoridades\/\" class=\"more-link\">Segu\u00ed leyendo<span class=\"screen-reader-text\"> &#8220;Institucional &#8220;Autoridades&#8221;&#8221;<\/span><\/a><\/p>\n","protected":false},"author":1,"featured_media":0,"parent":0,"menu_order":0,"comment_status":"closed","ping_status":"closed","template":"","meta":[],"_links":{"self":[{"href":"https:\/\/derecho.mdp.edu.ar\/index.php\/wp-json\/wp\/v2\/pages\/102"}],"collection":[{"href":"https:\/\/derecho.mdp.edu.ar\/index.php\/wp-json\/wp\/v2\/pages"}],"about":[{"href":"https:\/\/derecho.mdp.edu.ar\/index.php\/wp-json\/wp\/v2\/types\/page"}],"author":[{"embeddable":true,"href":"https:\/\/derecho.mdp.edu.ar\/index.php\/wp-json\/wp\/v2\/users\/1"}],"replies":[{"embeddable":true,"href":"https:\/\/derecho.mdp.edu.ar\/index.php\/wp-json\/wp\/v2\/comments?post=102"}],"version-history":[{"count":26,"href":"https:\/\/derecho.mdp.edu.ar\/index.php\/wp-json\/wp\/v2\/pages\/102\/revisions"}],"predecessor-version":[{"id":1900,"href":"https:\/\/derecho.mdp.edu.ar\/index.php\/wp-json\/wp\/v2\/pages\/102\/revisions\/1900"}],"wp:attachment":[{"href":"https:\/\/derecho.mdp.edu.ar\/index.php\/wp-json\/wp\/v2\/media?parent=102"}],"curies":[{"name":"wp","href":"https:\/\/api.w.org\/{rel}","templated":true}]}}

<p style="text-align: center;"><img loading="lazy" class="aligncenter wp-image-1285 size-medium" src="https://derecho.mdp.edu.ar/wp-content/uploads/autoridades-01-300x300.png" alt="" width="300" height="300" srcset="https://derecho.mdp.edu.ar/wp-content/uploads/autoridades-01-300x300.png 300w, https://derecho.mdp.edu.ar/wp-content/uploads/autoridades-01-250x250.png 250w, https://derecho.mdp.edu.ar/wp-content/uploads/autoridades-01-100x100.png 100w, https://derecho.mdp.edu.ar/wp-content/uploads/autoridades-01-350x351.png 350w, https://derecho.mdp.edu.ar/wp-content/uploads/autoridades-01-150x150.png 150w, https://derecho.mdp.edu.ar/wp-content/uploads/autoridades-01.png 521w" sizes="(max-width: 300px) 100vw, 300px" /></p>
<p style="text-align: center;"><strong>Decano<br />
</strong>Abogado Guillermo Lorenzo</p>
<p style="text-align: center;"><img loading="lazy" class="aligncenter wp-image-1895" src="https://derecho.mdp.edu.ar/wp-content/uploads/autoridades-05.png" alt="" width="300" height="300" /></a></p>
<p style="text-align: center;"><strong>Vicedecano</strong><br />
Abogado Pablo Nogués</p>
<p style="text-align: center;"><img loading="lazy" class="aligncenter wp-image-1894" src="https://derecho.mdp.edu.ar/wp-content/uploads/autoridades-sa.png" alt="" width="300" height="300" /></a></p>
<p style="text-align: center;"><strong>Secretaria Académica</strong><br />
Abogada Verónica Ivonne Hourquebié</p>
<p style="text-align: center;"><img loading="lazy" class="aligncenter wp-image-1286 size-medium" src="https://derecho.mdp.edu.ar/wp-content/uploads/autoridades-02-300x300.png" alt="" width="300" height="300" srcset="https://derecho.mdp.edu.ar/wp-content/uploads/autoridades-02-300x300.png 300w, https://derecho.mdp.edu.ar/wp-content/uploads/autoridades-02-250x250.png 250w, https://derecho.mdp.edu.ar/wp-content/uploads/autoridades-02-100x100.png 100w, https://derecho.mdp.edu.ar/wp-content/uploads/autoridades-02-350x349.png 350w, https://derecho.mdp.edu.ar/wp-content/uploads/autoridades-02-150x150.png 150w, https://derecho.mdp.edu.ar/wp-content/uploads/autoridades-02.png 522w" sizes="(max-width: 300px) 100vw, 300px" /></p>
<p style="text-align: center;"><strong>Secretaria de Coordinación<br />
</strong>Especialista Adriana Analía Arias</p>
<p style="text-align: center;"><img loading="lazy" class="aligncenter wp-image-1287 size-medium" src="https://derecho.mdp.edu.ar/wp-content/uploads/autoridades-03-300x300.png" alt="" width="300" height="300" srcset="https://derecho.mdp.edu.ar/wp-content/uploads/autoridades-03-300x300.png 300w, https://derecho.mdp.edu.ar/wp-content/uploads/autoridades-03-250x250.png 250w, https://derecho.mdp.edu.ar/wp-content/uploads/autoridades-03-100x100.png 100w, https://derecho.mdp.edu.ar/wp-content/uploads/autoridades-03-350x350.png 350w, https://derecho.mdp.edu.ar/wp-content/uploads/autoridades-03-150x150.png 150w, https://derecho.mdp.edu.ar/wp-content/uploads/autoridades-03.png 521w" sizes="(max-width: 300px) 100vw, 300px" /></p>
<p style="text-align: center;"><strong>Secretaria de Investigación y Posgrado<br />
</strong>Abogada Silvina Lo Cirio</p>
<p style="text-align: center;"><img loading="lazy" class="aligncenter wp-image-1290 size-medium" src="https://derecho.mdp.edu.ar/wp-content/uploads/autoridades-06-300x300.png" alt="" width="300" height="300" srcset="https://derecho.mdp.edu.ar/wp-content/uploads/autoridades-06-300x300.png 300w, https://derecho.mdp.edu.ar/wp-content/uploads/autoridades-06-250x250.png 250w, https://derecho.mdp.edu.ar/wp-content/uploads/autoridades-06-100x100.png 100w, https://derecho.mdp.edu.ar/wp-content/uploads/autoridades-06-350x349.png 350w, https://derecho.mdp.edu.ar/wp-content/uploads/autoridades-06-150x150.png 150w, https://derecho.mdp.edu.ar/wp-content/uploads/autoridades-06.png 522w" sizes="(max-width: 300px) 100vw, 300px" /></p>
<p style="text-align: center;"><strong>Secretario de Extensión y Bienestar Estudiantil<br />
</strong>Abogado Mariano Begue</p>
<p style="text-align: center;"><img loading="lazy" class="alignnone wp-image-1291 size-medium" src="https://derecho.mdp.edu.ar/wp-content/uploads/autoridades-07-300x300.png" alt="" width="300" height="300" srcset="https://derecho.mdp.edu.ar/wp-content/uploads/autoridades-07-300x300.png 300w, https://derecho.mdp.edu.ar/wp-content/uploads/autoridades-07-250x250.png 250w, https://derecho.mdp.edu.ar/wp-content/uploads/autoridades-07-100x100.png 100w, https://derecho.mdp.edu.ar/wp-content/uploads/autoridades-07-350x350.png 350w, https://derecho.mdp.edu.ar/wp-content/uploads/autoridades-07-150x150.png 150w, https://derecho.mdp.edu.ar/wp-content/uploads/autoridades-07.png 521w" sizes="(max-width: 300px) 100vw, 300px" /></p>
<p style="text-align: center;"><strong>Subsecretario de Bienestar Estudiantil<br />
</strong>Abogado Facundo Andrés Irusta</p>
<p style="text-align: center;"><img loading="lazy" class="alignnone wp-image-1292 size-medium" src="https://derecho.mdp.edu.ar/wp-content/uploads/autoridades-08-300x300.png" alt="" width="300" height="300" srcset="https://derecho.mdp.edu.ar/wp-content/uploads/autoridades-08-300x300.png 300w, https://derecho.mdp.edu.ar/wp-content/uploads/autoridades-08-250x250.png 250w, https://derecho.mdp.edu.ar/wp-content/uploads/autoridades-08-100x100.png 100w, https://derecho.mdp.edu.ar/wp-content/uploads/autoridades-08-350x350.png 350w, https://derecho.mdp.edu.ar/wp-content/uploads/autoridades-08-150x150.png 150w, https://derecho.mdp.edu.ar/wp-content/uploads/autoridades-08.png 522w" sizes="(max-width: 300px) 100vw, 300px" /></p>
<p style="text-align: center;"><strong>Subsecretaria de Evaluación, Acreditación y Seguimiento Académico<br />
</strong>Abogada Fernanda Huerta</p>
<p style="text-align: center;"><img loading="lazy" class="aligncenter wp-image-1284 size-medium" src="https://derecho.mdp.edu.ar/wp-content/uploads/autoridades-09-300x300.png" alt="" width="300" height="300" srcset="https://derecho.mdp.edu.ar/wp-content/uploads/autoridades-09-300x300.png 300w, https://derecho.mdp.edu.ar/wp-content/uploads/autoridades-09-250x250.png 250w, https://derecho.mdp.edu.ar/wp-content/uploads/autoridades-09-100x100.png 100w, https://derecho.mdp.edu.ar/wp-content/uploads/autoridades-09-350x351.png 350w, https://derecho.mdp.edu.ar/wp-content/uploads/autoridades-09-150x150.png 150w, https://derecho.mdp.edu.ar/wp-content/uploads/autoridades-09.png 521w" sizes="(max-width: 300px) 100vw, 300px" /></p>
<p style="text-align: center;"><strong>Directora de Doctorado</strong><br />
Doctora Ana María Vernetti</p>

<p>Decano Abogado Guillermo Lorenzo Vicedecano Abogado Pablo Nogués Secretaria Académica Abogada Verónica Ivonne Hourquebié Secretaria de Coordinación Especialista Adriana Analía Arias Secretaria de Investigación y Posgrado Abogada Silvina Lo Cirio Secretario de Extensión y Bienestar Estudiantil Abogado Mariano Begue Subsecretario de Bienestar Estudiantil Abogado Facundo Andrés Irusta Subsecretaria de Evaluación, Acreditación y Seguimiento Académico Abogada &hellip; </p>
<p class="link-more"><a href="https://derecho.mdp.edu.ar/index.php/institucional-autoridades/" class="more-link">Seguí leyendo<span class="screen-reader-text"> &#8220;Institucional &#8220;Autoridades&#8221;&#8221;</span></a></p>
